{"id":6,"date":"2013-02-09T15:59:24","date_gmt":"2013-02-09T14:59:24","guid":{"rendered":"http:\/\/asociaciondevecinostempranales.wordpress.com\/?page_id=1"},"modified":"2014-07-08T17:07:00","modified_gmt":"2014-07-08T15:07:00","slug":"asociacion","status":"publish","type":"page","link":"https:\/\/www.aavvtempranales.com\/blog\/asociacion\/","title":{"rendered":"La Asociaci\u00f3n"},"content":{"rendered":"<p style=\"text-align: justify;\">La <span style=\"color: #74122e;\"><strong>ASOCIACI\u00d3N DE VECINOS DE TEMPRANALES<\/strong><\/span> se constituye en la ciudad de San Sebasti\u00e1n de los Reyes para lograr objetivos de inter\u00e9s general, sin af\u00e1n de lucro, abierta a todos los residentes en el \u00e1mbito territorial de Tempranales, de acuerdo con la vigente Ley Org\u00e1nica 1\/2002 de 22 de marzo reguladora del Derecho de Asociaci\u00f3n.<\/p>\n<p style=\"text-align: justify;\">La Asociaci\u00f3n est\u00e1 inscrita en el Registro de Asociaciones de la Comunidad de Madrid y en el Registro Municipal de Asociaciones del Ayuntamiento de San Sebasti\u00e1n de los Reyes.<\/p>\n<p style=\"text-align: justify;\">Asimismo, por decisi\u00f3n un\u00e1nime de la Asamblea General, \u00a0la <span style=\"color: #74122e;\"><strong>ASOCIACI\u00d3N DE VECINOS DE TEMPRANALES<\/strong><\/span> es miembro de la <a title=\"P\u00e1gina web de la FRAVM\" href=\"http:\/\/www.aavvmadrid.org\" target=\"_blank\">Federaci\u00f3n Regional de Asociaciones de Vecinos de Madrid<\/a> (FRAVM).<\/p>\n<h4 style=\"text-align: justify;\"><span style=\"color: #74122e;\">Te puede interesar&#8230;<\/span><\/h4>\n<ul>\n<li><a title=\"Objetivos\" href=\"http:\/\/www.aavvtempranales.com\/blog\/asociacion\/objetivos\/\">Objetivos<\/a><\/li>\n<li><a title=\"Estatutos\" href=\"http:\/\/www.aavvtempranales.com\/blog\/asociacion\/estatutos\/\">Estatutos<\/a><\/li>\n<li><a title=\"Programas\" href=\"http:\/\/www.aavvtempranales.com\/blog\/asociacion\/programas\/\">Programas<\/a><\/li>\n<li><a title=\"Comunicados\" href=\"http:\/\/www.aavvtempranales.com\/blog\/asociacion\/comunicados\/\">Comunicados<\/a><\/li>\n<li><a title=\"Acciones\" href=\"http:\/\/www.aavvtempranales.com\/blog\/acciones\/\">Acciones<\/a><\/li>\n<li><a title=\"Contactar\" href=\"http:\/\/www.aavvtempranales.com\/blog\/contacto\/\">Contactar<\/a><\/li>\n<li><a title=\"Suscribirse\" href=\"http:\/\/www.aavvtempranales.com\/blog\/suscribirse\/\">Recibir noticias en tu correo electr\u00f3nico<\/a><\/li>\n<\/ul>\n","protected":false},"excerpt":{"rendered":"<p>La ASOCIACI\u00d3N DE VECINOS DE TEMPRANALES se constituye en la ciudad de San Sebasti\u00e1n de los Reyes para lograr objetivos de inter\u00e9s general, sin af\u00e1n de lucro, abierta a todos los residentes en el \u00e1mbito territorial de Tempranales, de acuerdo con la vigente Ley Org\u00e1nica 1\/2002 de 22 de marzo reguladora del Derecho de Asociaci\u00f3n. &hellip; <\/p>\n<p><a class=\"more-link btn\" href=\"https:\/\/www.aavvtempranales.com\/blog\/asociacion\/\">Seguir leyendo<\/a><\/p>\n","protected":false},"author":5,"featured_media":0,"parent":0,"menu_order":1,"comment_status":"closed","ping_status":"closed","template":"","meta":{"footnotes":""},"class_list":["post-6","page","type-page","status-publish","hentry","nodate","item-wrap"],"jetpack_sharing_enabled":true,"_links":{"self":[{"href":"https:\/\/www.aavvtempranales.com\/blog\/wp-json\/wp\/v2\/pages\/6","targetHints":{"allow":["GET"]}}],"collection":[{"href":"https:\/\/www.aavvtempranales.com\/blog\/wp-json\/wp\/v2\/pages"}],"about":[{"href":"https:\/\/www.aavvtempranales.com\/blog\/wp-json\/wp\/v2\/types\/page"}],"author":[{"embeddable":true,"href":"https:\/\/www.aavvtempranales.com\/blog\/wp-json\/wp\/v2\/users\/5"}],"replies":[{"embeddable":true,"href":"https:\/\/www.aavvtempranales.com\/blog\/wp-json\/wp\/v2\/comments?post=6"}],"version-history":[{"count":11,"href":"https:\/\/www.aavvtempranales.com\/blog\/wp-json\/wp\/v2\/pages\/6\/revisions"}],"predecessor-version":[{"id":1328,"href":"https:\/\/www.aavvtempranales.com\/blog\/wp-json\/wp\/v2\/pages\/6\/revisions\/1328"}],"wp:attachment":[{"href":"https:\/\/www.aavvtempranales.com\/blog\/wp-json\/wp\/v2\/media?parent=6"}],"curies":[{"name":"wp","href":"https:\/\/api.w.org\/{rel}","templated":true}]}}